ppose 4*a = -4*d + 16, -4*d + 4*a + b = -a. What are the prime factors of d?
2
Let a(s) = s**3 + 8*s**2 - 3*s + 5. Suppose -2*l - 5 = 11. What are the prime factors of a(l)?
29
Let p(d) = d**3 + 7*d**2 - 5*d + 1. Let s be 1 - 7 - (5 - 4). Let k be p(s). Let x = k - 23. List the prime factors of x.
13
Suppose 8*z + 234 = 1434. List the prime factors of z.
2, 3, 5
Let b(u) be the second derivative of u**4/6 - u**3/6 - u. Let w be b(-2). Suppose 0 = 4*z + 2*p - w, 0 = 5*z - 4*p + 1 - 46. What are the prime factors of z?
5
Let j = 1 + -3. Let a be (-6)/j + -3 + -3. Let k = a + 12. What are the prime factors of k?
3
Let a(t) = 2*t**2 + 6*t - 19. What are the prime factors of a(-8)?
61
Let d(j) = -7*j - 2. Let n = 2 + -5. List the prime factors of d(n).
19
Suppose 5*w = 17 + 23. Suppose -4*n = -0*n - w, -4*j = -2*n - 12. What are the prime factors of j?
2
Let f be -3*(2 - 4/3). List the prime factors of ((-12)/(-14))/(f/(-14)).
2, 3
Let t(v) = -v**3 + 3*v**2 - 7*v + 9. What are the prime factors of t(-6)?
3, 5
Suppose -10*q = -4*q - 204. List the prime factors of q.
2, 17
Let a(l) = l**3 + 2*l + 40. List the prime factors of a(0).
2, 5
Let l(s) = s**3 - 7*s**2 + 7*s - 7. Let y be l(6). Let j = y + 10. List the prime factors of j.
3
Let j(w) = 3*w - 2. Let u be -1 - ((-12)/2 - -3). Let g be j(u). Suppose -2*x + 14 = 2*b, -g*b = x + b - 7. What are the prime factors of x?
7
Let v(f) = -f**2 + 5*f - 2. Let z(o) = -o + 12. Let n be z(8). Let w be v(n). Suppose 37 = 4*t - w*t - 3*c, 4*t + 2*c = 34. List the prime factors of t.
11
Let v = 213 - 81. What are the prime factors of v?
2, 3, 11
Let q(p) = p**2 - p + 3. Let w be q(3). Suppose 2*k + 12 = 3*c, -5*c + 2*c - 5*k = w. List the prime factors of c + (-2 + 1)*-4.
2, 3
Suppose -21 = 5*c + 9. Let i(z) = -z**2 - 6*z + 5. Let o be i(c). Suppose 4*m - 29 = m - o*h, 11 = 5*m - h. List the prime factors of m.
3
Suppose 3*v - 4*h - 967 = 0, -5*v - 2*h = 406 - 1983. List the prime factors of v.
317
Suppose -5*o + 91 + 129 = 0. What are the prime factors of o?
2, 11
Suppose 4*d - 45 = -2*m + 7, -5*d - 4*m + 68 = 0. What are the prime factors of d?
2, 3
Let a be 2/(4 - 0)*0. Suppose -5*q + 3 + 7 = a. Suppose -10 - 12 = -q*o. List the prime factors of o.
11
Suppose 3*v = 4*v - 19. What are the prime factors of v?
19
Let o be 6/(2 - (-2)/(-4)). Suppose o*g = -g + 135. List the prime factors of g.
3
Suppose 0 = -2*q + 4*f + 20, 2*q + 5*f - 40 = -2*q. Let y = q - 5. Suppose -y*o + 3*o = -14. List the prime factors of o.
7
Suppose 4*y = 37 + 11. Let b(g) = g**3 - 12*g**2 + g + 12. What are the prime factors of b(y)?
2, 3
Suppose -5 = -5*d + 5*v, 3*d + 2*v = 6*v. Suppose 12 = -0*c + d*c. What are the prime factors of 33*c/(18/2)?
11
Let d be 1*2/(4/10). Suppose -l + 4 = 4*m, 5 = d*m + 4*l - 0*l. Let f(a) = 17*a**3 - 2*a + 1. What are the prime factors of f(m)?
2
Let l be (-3)/(-6) + (-57)/(-2). Let u = l - 2. Suppose 3*n - u = -3*f, n - 4*f - 28 = -3*n. List the prime factors of n.
2
Suppose -133 = -b - 5*q, b + 4*q = 2*b - 88. List the prime factors of b.
2, 3
What are the prime factors of ((-992)/40)/(4/(-50))?
2, 5, 31
Let l be 91/(-21) - 6/9. Let u(p) = 3*p**2 + 7*p + 4. List the prime factors of u(l).
2, 11
Let g = 156 + -72. What are the prime factors of g?
2, 3, 7
Let o be 1/(1/1) + -8. Suppose -3*f = c - 32, -4*c - 1 = f + 3. Let h = f + o. What are the prime factors of h?
5
Let m be 3*(0 - 1) - -14. Let b(f) = 2*f. What are the prime factors of b(m)?
2, 11
Let c = 2 + 2. Let y be (-2)/c - (-36)/(-8). Let k = y + 8. List the prime factors of k.
3
Suppose -5*f + 0*f = -5. What are the prime factors of 16 + (f - (3 - 3))?
17
Let h = 38 - -14. What are the prime factors of h?
2, 13
Suppose 3*f = -3*w + 96, 0 = -4*f - w - 4*w + 127. What are the prime factors of f?
3, 11
Let w = 74 + 16. What are the prime factors of w?
2, 3, 5
Let t(c) = -c**3 - 5*c**2 + 13*c + 14. What are the prime factors of t(-9)?
13, 17
Suppose 0 = -20*z + 14*z + 282. List the prime factors of z.
47
Suppose -2*m - 4*q = -81 - 21, -3*q - 6 = 0. What are the prime factors of m?
5, 11
Let f(v) be the third derivative of v**5/60 + 5*v**4/24 - v**3/2 - v**2. What are the prime factors of f(-7)?
11
Suppose -1 + 13 = -3*k. Let c = 0 + -4. List the prime factors of (-1)/k + (-43)/c.
11
Suppose -x + p + 135 = 3*x, 45 = 2*x - 5*p. List the prime factors of x.
5, 7
Let z(k) = k**2 - 1. Let a be z(-4). Suppose 0 = 4*b - 1 - a. Let w = 8 + b. What are the prime factors of w?
2, 3
Let p = -2 - -7. Suppose -15 - p = -4*w + 2*x, 0 = 3*x + 6. List the prime factors of w.
2
List the prime factors of ((-1)/2)/(6/(-288)).
2, 3
Suppose 4*d + 141 = 609. What are the prime factors of d?
3, 13
Suppose 5*m = -2 - 18. Let j(r) = r**2 - r - 1. What are the prime factors of j(m)?
19
Let x(r) = 7*r - 4. Let b be x(-3). Let i be 137/(-9) - (-12)/54. List the prime factors of 2/6 + b/i.
2
Let o = 15 + -11. Suppose 4*z + d - 154 = o*d, -3*z + d = -118. List the prime factors of z.
2, 5
Suppose -5*l - 5*n + 195 = 0, -4*n + 16 = -0*n. List the prime factors of l.
5, 7
Suppose 0*m + m + 4*y = -13, -4*m + 5*y + 32 = 0. Let u = m - -12. What are the prime factors of u?
3, 5
Let h be (96/40)/(4/10). Suppose 2*a = h + 8. List the prime factors of a.
7
Let p = -9 - -13. Suppose 9 = p*m - 27. What are the prime factors of m?
3
Let s = 13 - 7. Suppose -2*r + s = r. Suppose -v - r*k + 8 = 0, v - 4*k = 11 + 3. What are the prime factors of v?
2, 5
Let m = -33 + 36. Let p(i) = -5*i + 4*i + 3*i + 3. What are the prime factors of p(m)?
3
Suppose 0*s + 5 = s. Suppose -4*l + 5*f = -s, l - 5*l = -4*f - 8. What are the prime factors of l?
5
Let r(q) = q**3 - 6*q**2 + 6*q + 7. Let j = -8 - -13. What are the prime factors of r(j)?
2, 3
Let i = 18 - 11. Suppose 2*z + 35 = i*z. List the prime factors of z.
7
Let u(o) = o**2 - 2. Let y be u(-2). Suppose -y*k = -3*k - 1. What are the prime factors of 2 - 30/(k - 2)?
2, 3
Let k(y) be the third derivative of -y**4/24 + 3*y**2. What are the prime factors of k(-3)?
3
Let x be (1 - 1)*(-1)/(-1). Suppose n - 13 = -x*n. List the prime factors of n.
13
Let a(k) = -k**2 + 8*k - 1. Let j be a(8). Let l = 3 - j. Suppose -8 = -l*d, -q + 4*q - 23 = 5*d. What are the prime factors of q?
11
Let m = 0 + 39. What are the prime factors of m?
3, 13
Let o(u) = u**2 + 6*u + 7. Let i be o(-6). Suppose -i = -3*s - 1. Suppose 30 = 3*v - 5*j + s*j, 40 = 4*v + 4*j. What are the prime factors of v?
2, 5
Suppose 3*z = -4*p + 645, 5*z + 850 = 5*p - 0*p. What are the prime factors of p?
3, 5, 11
Let u be (-2 + (-61)/(-5))*5. Let q = u + -35. List the prime factors of q.
2
Suppose 0 = 2*g - 7*g + 4*z + 271, -4*g = z - 221. List the prime factors of g.
5, 11
Let z = 179 - 123. Suppose 4*r - z = -0*r. List the prime factors of r.
2, 7
Suppose 3*x + 5*a = 31, -2*x - x - 4*a + 35 = 0. Suppose 3*q = 73 + x. Suppose q = 4*j - 10. What are the prime factors of j?
2, 5
List the prime factors of 6/9*-2*-30.
2, 5
Suppose -2*h + 10 = 2*t, 3*h + 1 = t + 32. Suppose -4*i + b = -53, -i + 6 + h = -2*b. List the prime factors of i.
13
Suppose 9 = -a - 2*a. Let m be 7/7*(1 - a). Let v(n) = n**2 - 4*n + 6. List the prime factors of v(m).
2, 3
Let b(k) = k**3 - 4*k**2 + 8*k - 10. List the prime factors of b(7).
193
Let d be 147/5 + (-10)/25. Suppose -d = -z + 5*g + 17, 27 = 2*z + 3*g. Let v = z - 9. List the prime factors of v.
2, 3
Suppose q - 2*r - 2*r - 48 = 0, 4*q - 276 = -5*r. List the prime factors of q.
2
Suppose -2*c + 3*q + q + 22 = 0, -5*c - 2*q + 7 = 0. Let f(n) = n**2 - 9*n + 9. Let x be f(7). Let p = c - x. List the prime factors of p.
2
Let p be 12/(-78) + 24/(-13). Let a be p - -5*3/3. Suppose -a + 5 = m. What are the prime factors of m?
2
Suppose 0 = -0*k + 3*k - 6. Suppose -k*b + 2*n = b - 19, -2*b - n + 8 = 0. What are the prime factors of b?
5
Let m = 20 + 8. List the prime factors of m.
2, 7
Let l be -2 + 2 + 3 + -1. Suppose 0 = 4*t - 2*i - 128, -t + 3*i + 30 = -l. What are the prime factors of t?
2
Let x(t) = 2*t - 1. Let r be x(3). Suppose -r*i + 16 = -i. What are the prime factors of i?
2
List the prime factors of (3/(-2))/((-21)/2828).
2, 101
Suppose -5*y + 5*g = -30, -g = 2*y - y. Suppose y*o + 9 = 3. What are the prime factors of (o/6)/((-2)/24)?
2
Suppose -2*t - 7 =